 (8 - o)*(-15)/(-6). Calculate the greatest common factor of 55 and p.
5
Let p be 11/(-55) - (-282)/10. Let t = p - 53. Let m = -15 - t. Calculate the highest common divisor of m and 10.
10
Let s(f) = -f**2 - 4*f - 2. Let v be s(-3). Let q(b) be the first derivative of b**2 - 1. Let u be q(v). What is the greatest common factor of u and 6?
2
Let o be (4 + -3)/((-2)/6). Let d be (3 - o) + 2/1. Let r = -71 + 143. Calculate the highest common divisor of d and r.
8
Let j(p) = p**2 + 70. Suppose 0 = -0*r - 4*r + 8. Let b be (-1)/(-2)*(r - 2). Let a be j(b). Calculate the highest common factor of a and 10.
10
Let b = -435 - -622. Calculate the highest common factor of 11 and b.
11
Suppose -4*p - 25 = -5*n - 9*p, -n + 7 = -p. Calculate the highest common divisor of 12 and n.
6
Let b(u) = u**3 + 5*u**2 - 16*u - 11. Let r be b(-7). Suppose -r*j - 23 = -83. What is the highest common factor of 160 and j?
20
Let j = -6 + 9. Suppose -30 = -3*r - j*s, s + 3 = -4*r + 34. Suppose 4*z + 5*q + r = 0, 0 = -2*z - 2*q - q - 5. Calculate the highest common factor of z and 16.
2
Suppose -4*m + 576 = -4*h, -99*m + 103*m = 2*h + 582. What is the highest common factor of m and 196?
49
Suppose i = -3*w + 339, -2*w + 5*i - 127 = -3*w. What is the greatest common divisor of w and 16?
16
Suppose -20*l + 3720 = 11*l. What is the greatest common factor of l and 780?
60
Let h = 282 - 67. Calculate the highest common divisor of h and 5.
5
Let t(i) = -i**3 + 3*i + 2. Let f be t(-2). Let b be ((-8)/(-5))/(f/40). What is the greatest common factor of b and 176?
16
Let i = 0 + 1. Let y = 20 + -1. Suppose -y = -5*b + 2*j, -3*j - 2*j = 5*b - 40. Calculate the highest common factor of i and b.
1
Suppose 0 = 5*y - 26 - 34. Let d = 3 + y. Let r(c) = 61*c**2 - c. Let m be r(1). Calculate the greatest common divisor of d and m.
15
Let p = -466 - -485. What is the highest common divisor of 437 and p?
19
Suppose 0 = -4*n + 5*u + 84, 4*n + u - 16 = 44. Let p = 155 - 27. Calculate the highest common divisor of p and n.
16
Let a be 1566*(136/(-16) - -9). Calculate the greatest common factor of a and 108.
27
Let q be 0 + -1 + 5 + 1. Suppose 9 + 21 = q*k. Let o = 260 - 206. What is the highest common factor of o and k?
6
Suppose -16 = 13*i + 88. Let v be 20/(-3)*-1*(-12)/i. Suppose 5*r - 110 = 15. Calculate the greatest common divisor of r and v.
5
Suppose 0 = 6*y - 0 - 18. Suppose -7*q + y*q = -1560. Let u be 9/(-24) + q/16. Calculate the highest common factor of u and 8.
8
Let l = 35 - 49. Let x be (-1)/(-2 - l/8). Let j(m) = m**3 - 18*m**2 - 19*m + 16. Let c be j(19). What is the highest common divisor of x and c?
4
Suppose 3*m = -m + 56. Let n = 76 + -20. Calculate the greatest common factor of m and n.
14
Let g(a) = a**2 - a + 377. Let i be g(0). Suppose k - i = -2*n, -193 = -3*n + 5*k + 353. What is the greatest common factor of n and 17?
17
Let m be (-33)/44 - (-118)/8. Suppose -14 = 2*d - 4*h + 2, 5*d - 4*h + 10 = 0. Calculate the greatest common factor of m and d.
2
Let x = -304 + 318. What is the highest common factor of x and 28?
14
Suppose -2*z + 822 = 50*q - 47*q, -801 = -3*q + 5*z. Calculate the greatest common factor of 34 and q.
34
Let p(o) = -o**3 - 4*o**2 - 6*o - 27. Let z be p(-9). What is the greatest common factor of 96 and z?
48
Let w = 7 - 8. Let p be -2 - 0 - (8 - -3)*w. What is the highest common divisor of p and 9?
9
Let m = 23 - 15. Suppose 0 = -2*s + 6 - m. Let u = s - -11. What is the highest common divisor of u and 25?
5
Let f = -1394 + 1952. Calculate the highest common divisor of 36 and f.
18
Suppose -4*f - 352 = -5*g - 887, g = 4*f - 523. Calculate the highest common divisor of 52 and f.
26
Suppose 4*t = -5*f + 2*t + 60, t - 55 = -5*f. Calculate the greatest common divisor of 660 and f.
10
Let v(z) = 6*z**2 - 37*z + 2. Let s be v(10). Calculate the greatest common factor of 87 and s.
29
Suppose -5814 = -16*h - 1782. What is the greatest common divisor of 24 and h?
12
Suppose 424 = 9*f - f. Calculate the highest common factor of 477 and f.
53
Let r(k) = -k**2 - k - 2. Let q be r(-4). Let u be q/(-4)*(-120)/(-42). What is the greatest common factor of u and 110?
10
Let m(j) be the first derivative of -1/3*j**3 + 2 + 5*j**2 - 6*j. Let h be m(4). What is the highest common divisor of 2 and h?
2
Let l = -32 - -32. Suppose l = 5*w + 12 - 42. Suppose -38 = -5*r + 82. What is the greatest common factor of w and r?
6
Suppose -2*v = -5*t + 785 + 1337, 0 = 4*t - 5*v - 1701. Calculate the highest common divisor of 530 and t.
106
Suppose 0 = -27*x + 21*x - 1146. Let v = x + 295. Suppose 0 = 4*r - 81 - 23. What is the highest common divisor of v and r?
26
Let k = -11 - -23. Let f(n) = -n**2 - 10*n + 2. Let w be f(-8). What is the greatest common divisor of w and k?
6
Let v = -278 - -412. Let k = v + -94. What is the greatest common divisor of 200 and k?
40
Let f(r) = -r**3 + 16*r**2 - 10*r - 49. Let h be f(15). Calculate the highest common factor of h and 2.
2
Let u = 337 + -309. What is the highest common factor of 7 and u?
7
Suppose 5*p + 4*i = 228, -5*p + i + 138 = -80. Suppose 41 = 4*g + 5*m, -5*g + 35 = -3*m - p. What is the highest common divisor of 2 and g?
2
Let k(i) be the third derivative of i**5/60 + 5*i**4/24 + i**3/3 + 9*i**2. Let t be k(2). Calculate the greatest common factor of 16 and t.
16
Suppose -4*k = 4*k - 312. Calculate the greatest common factor of 1131 and k.
39
Let y be ((-18)/5)/((-3)/15). Let n be (6 + -8)*(-27)/2 + 0. Calculate the highest common divisor of y and n.
9
Let g(z) = z**2 + 18*z + 29. Let b be g(-16). Let k(d) = 5*d**2 + 2*d - 4. Let i be k(b). What is the greatest common factor of i and 5?
5
Let y be (8/20)/(6/690). Calculate the greatest common factor of 46 and y.
46
Let z = 8 - -10. Let u(o) = 5*o**2 + 2*o + 3. Let j be u(-1). What is the greatest common divisor of z and j?
6
Let l(a) = 14*a + 45. Let b(z) = 7*z + 22. Let w(o) = -10*b(o) + 4*l(o). Let v be w(-3). What is the highest common divisor of 50 and v?
2
Let p = -710 + 1032. Let j = -9432 - -9478. What is the greatest common factor of j and p?
46
Let u(g) = 11 - g**2 + 2*g - 4 + 4*g - 9*g. Let j be u(0). Calculate the highest common divisor of j and 175.
7
Suppose -5*c = 5*o - 515, c = 3*o + 5*c - 308. Let x = -89 + o. Calculate the highest common factor of x and 75.
15
Let r(c) = c**3 - 12*c**2 + 4*c - 30. Let f = 125 + -113. Let k be r(f). What is the highest common factor of k and 90?
18
Let f(q) = -2*q**3 + 13*q**2 - 8*q + 14. Let v be f(6). Suppose 7*c - 65 = v*c. What is the greatest common divisor of c and 13?
13
Let o = 776 + -721. What is the highest common factor of 3850 and o?
55
Suppose 5*c = 2*m - 416, -6*c = -5*c. Suppose -12*j = -10*j - m. What is the greatest common factor of 13 and j?
13
Let y be (-4)/(-8 + 4) + 3. Suppose c - 7 = 3*x, 0*x + y*x = -5*c + 130. What is the highest common factor of 88 and c?
22
Suppose -296 = -115*f + 107*f. Calculate the highest common factor of 296 and f.
37
Let i = 76 + -23. Let q = i - 28. What is the highest common factor of 5 and q?
5
Let q = 2 - -2. Let j be 1 + q*1/2. Let y be (j + -1)/(-1) + 36. What is the highest common factor of 85 and y?
17
Let i be (-237)/12 - (-5)/(-20). Let s = 21 + i. What is the greatest common divisor of 23 and s?
1
Let q(u) = u**3 - 18*u**2 + 15*u + 59. Let b be q(17). What is the greatest common divisor of b and 10?
5
Let g be 2/(-8) - (-5700)/80. Let d = g + -31. What is the highest common factor of d and 4?
4
Let f be (-28)/(-42) - 3982/6. Let g = 1158 + f. Calculate the highest common divisor of g and 55.
55
Suppose 83 = 4*n - 53. Let b be (40/6)/(-5)*(-255)/10. Let y be ((-246)/(-15) - -1) + b/(-85). What is the greatest common divisor of n and y?
17
Suppose -12 = -z - 2*z. Suppose 39 = -3*n + z*n - 3*j, -4*j - 80 = -2*n. Suppose 0*x + 3*x = 9, -5*y + n = 4*x. Calculate the highest common factor of 30 and y.
6
Let c = 75 + -67. Suppose -7*r + 918 = -2*r + 2*n, 0 = 2*n - c. Calculate the highest common factor of 26 and r.
26
Let q(r) = -89*r + 49. Let d be q(-4). What is the greatest common factor of 45 and d?
45
Let d(z) = -192*z - 335. Let j be d(-6). Calculate the highest common factor of 86 and j.
43
Suppose -272 = -5*j + 4*k - 51, -2*k = -2*j + 88. Let x be (18/(-24))/((-1)/12)